 9 + 122. Let l = u - 57. Is l a prime number?
False
Is ((-2)/(-3))/((-1)/(16938/(-12))) a prime number?
True
Let q(w) = w**3 - w**2 + w - 1. Is q(4) composite?
True
Let x = -3 + 1. Is -1*-1*49 + x a composite number?
False
Let o(s) = s**3 - 3*s**2 - 7*s - 5. Let c be o(-4). Let f = -20 - c. Is f a prime number?
False
Let r(f) = f**3 - 3*f**2 - 5*f - 6. Let l be r(5). Suppose 1 = 4*h - l. Suppose 3*g - 159 = -4*t, 4*t + 0*g - 161 = -h*g. Is t a prime number?
False
Suppose j - 39 = -0*j. Suppose -87 = -4*l + 3*h, 2*l + 0*l + 3*h = j. Is l prime?
False
Suppose -5*h = -3*r + 16, -1 = 3*r + h - 5. Let k be (22/(-4))/((-1)/r). Suppose 0 = -2*s + 57 - k. Is s a composite number?
False
Is (-2054)/39*3/(-2) composite?
False
Let s(p) = 28*p - 1. Let k be s(3). Let j be 170 - (1 + 2 + -5). Let r = j - k. Is r prime?
True
Let a be (1 + (-8)/5)*-5. Suppose x - 12 = -4*u, u = 2*u - 2*x - a. Suppose -u*g + 43 = -320. Is g a composite number?
True
Let r(o) = -o**3 - 8*o**2 - 6*o + 9. Let u be r(-7). Suppose u*l - 3*l = -5. Suppose l*h - 2*i + 4*i = 197, i = 1. Is h a composite number?
True
Let m(a) = -3 + 0*a**3 + 2*a**2 + 0*a**3 - 4*a**3 + 2. Let i be m(1). Is ((-238)/(-8))/(i/(-12)) a composite number?
True
Let u = 212 - 551. Is -1 + (u/(-3) - 3) composite?
False
Is (633/2)/3*2 composite?
False
Is 748 - (-1)/(1/(-3)) a prime number?
False
Is (-1)/((-3 + 1)/3766) prime?
False
Suppose -14 + 2 = -3*r. Suppose 3*h + 0*h - 135 = 3*w, -r*w = 8. Is h a composite number?
False
Let x be 20/12 - (-1)/3. Suppose -3 = x*o + 3, 2*t - 105 = -3*o. Is t a prime number?
False
Let w(t) = 8*t**2 - 8*t + 19. Is w(-10) a prime number?
False
Let h be (-4)/2 - (-12)/2. Let k(v) = -13*v - 4 + h*v - 14*v + 3. Is k(-1) a composite number?
True
Let q = -1 + 4. Let c(y) = -q - 8*y + 5 - 3. Is c(-6) prime?
True
Suppose 4*k - 2*z + z = 3261, -2*z = -3*k + 2447. Is k prime?
False
Let a = -12 - 22. Let o = -22 - a. Suppose 3*k = o + 27. Is k a prime number?
True
Suppose 0 = -2*r + 3*q - 6*q + 1287, 0 = -r + 3*q + 657. Suppose 3*y - 2 = 10. Is y/(-14) - r/(-14) composite?
True
Let c be ((-2)/6)/((-4)/36). Let d(v) = v**2 + v**3 + c*v**2 + 0*v**3 - 2 + 4*v**2. Is d(-7) a composite number?
False
Suppose 2*r - 3*r = 5*z - 9287, -3*z + r + 5577 = 0. Is z a composite number?
True
Let l(x) = x**3 + 9*x**2 - 11*x - 4. Let n be l(-10). Let q(f) = -f**2 + 7*f + 1. Is q(n) a composite number?
False
Let c = -11 + 21. Let y(p) = -3 - 15*p - c*p + 8*p. Is y(-2) a composite number?
False
Let z = 1630 - 2446. Let k = z - -1147. Is k prime?
True
Suppose 0 = -0*o + o - 635. Is o a prime number?
False
Let c = 10485 + -5528. Is c a composite number?
False
Let y(b) be the first derivative of 3*b**4/4 + 5*b**3/3 - 3*b**2/2 + 2*b - 6. Is y(3) a composite number?
True
Let l(m) = 5 + 3*m + 7 - 5. Is l(13) a prime number?
False
Let n(f) = -2*f - 2. Let o be n(-4). Let x be o - 5 - (-2 + 0). Suppose -2*j - 8 = 0, -41 - 13 = -3*b + x*j. Is b composite?
True
Let n = 322 + -177. Is n prime?
False
Suppose s - 6*u = -2*u + 38, 3*u = s - 37. Is s a composite number?
True
Let r(p) = p**3 - 5*p**2 - 2*p + 7. Suppose 3*d = -0 + 72. Suppose 4*v - 4*n = 8*v - d, -6 = -v + 3*n. Is r(v) a prime number?
True
Suppose 3*i - 13 = 5. Is 849/6 - i/(-4) composite?
True
Suppose -8*x + 3*x + 1013 = 2*l, 5*l + 614 = 3*x. Is x a prime number?
False
Let a be 4/6 + 1682/6. Suppose -3*z - m + 288 = 0, 3*z = 5*m + a + 25. Is z prime?
True
Let n be (-5)/7 + (-2)/7. Let r = n + 14. Is r prime?
True
Let y be 2/(32/(-4))*-8. Is (4/y)/(-2) + 114 a composite number?
False
Suppose 3 = -5*m - 2. Let k be (m + 0)*2 + 86. Suppose d = 5*d - k. Is d a prime number?
False
Let a(k) be the first derivative of 3*k**2 + 15*k**2 - 2 + 2*k - k. Is a(1) composite?
False
Suppose -3*p - 2*a = -607, -3*a = -4*p - 0*p + 832. Is p prime?
False
Let g(t) = -t**2 - 5*t + 4. Let b be g(-9). Let j = b + 55. Let o = -8 + j. Is o a composite number?
True
Suppose 5*g - 580 = 2*f + 3*f, 8 = 4*f. Is g composite?
True
Suppose -2*x + 92 = 2*d, -2*x - x + d + 122 = 0. Suppose -b + x = -17. Is b prime?
True
Is (-2 + 5)/((-3)/1087*-1) prime?
True
Suppose 40 = 4*q + 2*k - 134, 75 = 2*q + 5*k. Suppose 103 = 3*u - 0*y + 2*y, 2*y + q = u. Is u a composite number?
False
Suppose 0*k = -k + 2*x + 121, -x + 5 = 0. Is k a prime number?
True
Let u = -2561 + 5034. Is u composite?
False
Let b = 5 + -3. Suppose -z - 2*m = -12, -3*z = b*z - 3*m - 125. Is z a prime number?
False
Let k = 16 + -10. Is (59/1)/(3/k) a prime number?
False
Let a(l) = 1075*l + 3. Is a(2) a prime number?
True
Suppose -2*p + 669 = 3*y, -4*p - y + 176 = -1187. Suppose -5*b - 4*s - 1093 = 0, 4*b + 70 + 817 = s. Let o = p + b. Is o composite?
True
Let q(r) = 2*r - 4. Let m be q(6). Suppose -m = 3*o + 4, -141 = -z - 5*o. Is z composite?
True
Suppose 970 = -3*l - 2*l. Is -1*(4 + -1 + l) composite?
False
Let j = -507 + 1094. Is j a composite number?
False
Let a(c) = c**2 + 7*c + 4. Let g be a(-7). Suppose -2*u - 2*b + 6*b + 70 = 0, 0 = -3*u - g*b + 95. Is u a composite number?
True
Let u = -763 - -1140. Is u prime?
False
Let w = -25 - -38. Is w a prime number?
True
Suppose -5*u = 5*s - 1830, 0 = -4*u - s + 644 + 808. Suppose 108 = -k + u. Is k a composite number?
True
Let c(f) be the first derivative of 11*f**3 + f**2/2 + f - 1. Let v be c(-1). Is 2/((6/v)/2) a prime number?
False
Suppose 2702 - 28907 = -5*c. Is c a composite number?
True
Let l(i) = i**2 - 3*i - 5. Let v(y) = y - 1. Let w(z) = l(z) - 2*v(z). Let d be w(6). Suppose 286 = 5*q - d*q. Is q a prime number?
False
Let m(h) = -h**2 - 9*h - 8. Let c be m(-7). Suppose c*y - 2*y = 0. Suppose y*j = 4*j - 60. Is j prime?
False
Let f(a) be the second derivative of -a**5/5 - a**4/24 + a**3/2 - 3*a. Let m(b) be the second derivative of f(b). Is m(-6) composite?
True
Suppose -3*u = 4*y - 4*u - 1584, -407 = -y + 3*u. Is y a prime number?
False
Let x(u) = 3*u**3 - 6*u**2 + u + 6. Let t be x(5). Let s = t + -109. Is s prime?
True
Is (-11486)/(-14) - (-32)/56 composite?
False
Let u(w) = -w + 1. Let b = -10 + 5. Let a be u(b). Suppose 255 = a*q - 3*q. Is q composite?
True
Let s = -57 + 222. Suppose -s = -3*z - 0. Suppose 4*c - 29 = z. Is c a composite number?
True
Suppose 0 = -i - w - 78, -7*w = 2*i - 2*w + 171. Let a = 891 - 559. Let f = a + i. Is f a prime number?
False
Let c(p) = p**3 + p**2 - 7*p - 9. Let n be c(7). Let z = 637 - n. Is z prime?
False
Let h = 5 + 1047. Suppose -4*t = -0*t - h. Is t a composite number?
False
Let y(l) be the second derivative of 127*l**4/12 + l**3/6 - l**2/2 + 3*l. Is y(1) a prime number?
True
Suppose -x = -3*x + 14. Suppose 1 = -4*g - x. Let r(d) = 33*d**2 + 2*d + 3. Is r(g) a prime number?
True
Let f(k) = -k**3 + 9*k**2 - 10*k + 9. Suppose -c + 2*c = 4*v + 19, 4*c = 5*v + 43. Is f(c) composite?
False
Is -1 - (2 + 1784/(-4)) composite?
False
Suppose 0 = -4*v - 5*r + 310, 40 + 37 = v + r. Suppose 4*l = -v + 559. Is l prime?
False
Let b be 595/65 - (-4)/(-26). Let g = b - 9. Let i(s) = -s**3 + s**2 + s + 67. Is i(g) a composite number?
False
Let n be (-42)/(-2) - 1*-2. Let l = 30 + n. Is l prime?
True
Let q(k) = k**3 - 18*k**2 + 38*k - 17. Is q(18) a prime number?
False
Suppose -67*g + 69*g - 138 = 0. Is g a composite number?
True
Suppose -2*n = -2*i - i + 12, -2*n - 16 = -4*i. Suppose -4*a + 649 = 3*o, 13 + 819 = i*o - 3*a. Is o a composite number?
False
Let a = 97 + -42. Is a a prime number?
False
Is -1 - 4/(-2) - -338 a prime number?
False
Let p(x) be the first derivative of 17*x**4/4 - x**3 + x**2 - x - 2. Let v(q) = -q + 10. Let a be v(8). Is p(a) prime?
True
Let o(c) be the second derivative of 0 + 3*c - 5/6*c**3 - c**2. Is o(-5) a prime number?
True
Let b(l) = -253*l - 6. Let w be 10*((-2)/(-4) - 1). Is b(w) composite?
False
Let m(g) = 14*g + 1. Suppose 2*z + z - 5 = -2*r, -5*r + 2*z + 41 = 0. Let n = r + -6. Is m(n) prime?
False
Let c(m) = 9*m**2 + m + 11. Is c(-6) composite?
True
Suppose 676 + 263 = 5*f + 4*o, f - o = 195. Is f a prime number?
True
Let u = -56 + 25. Let v = u - -51. Suppose v = 4*t - 2*t. Is t a composite number?
True
Let t(a) = 30*a + 2. Let h(c) = -1. Let m(r) = -6*h(r) - 2*t(r). Suppose 24 - 40 = 8*s. Is m(s) prime?
False
Suppose -p + 374 = -3*p. Let l = -110 - p. Suppose -5*v - 27 = -l. Is v a prime number?
False
